{"id":358,"date":"2022-03-06T18:24:24","date_gmt":"2022-03-06T18:24:24","guid":{"rendered":"http:\/\/hudklinikkenranders.dk\/?page_id=358"},"modified":"2022-08-22T17:21:25","modified_gmt":"2022-08-22T17:21:25","slug":"privat-eller-forsikringsbaseret-konsultation","status":"publish","type":"page","link":"https:\/\/hudklinikkenranders.dk\/?page_id=358","title":{"rendered":"Privat- eller forsikringsbaseret konsultation"},"content":{"rendered":"<p>Per 1. april 2022 m\u00e5 speciall\u00e6geklinikker med henvisningsaftale med det offentlige ikke p\u00e5 deres respektive hjemmesider grundet regionernes overenskomstm\u00e6ssige krav oplyse om mulighederne for privat- eller forsikringsbetalt konsultation m.h.p. vurdering af hudsygdom eller mistanke derom.<\/p>\n<p>Dette g\u00e6lder ogs\u00e5 for denne hjemmeside fra Hudklinikken Randers. Ved Hudklinikken Randers har vi aftale med visse forsikringsselskaber, der udbyder sundhedsforsikringer. S\u00e5fremt du har en sundhedsforsikring skal du kontakte dit forsikringsselskab med henblik p\u00e5 oplysning om, hvorvidt der derfra kan gives accept til vurdering og behandling ved Hudklinikken Randers.<\/p>\n","protected":false},"excerpt":{"rendered":"<p>Per 1. april 2022 m\u00e5 speciall\u00e6geklinikker med henvisningsaftale med det offentlige ikke p\u00e5 deres respektive hjemmesider grundet regionernes overenskomstm\u00e6ssige krav oplyse om mulighederne for privat- eller forsikringsbetalt konsultation m.h.p. vurdering af hudsygdom eller mistanke derom. Dette g\u00e6lder ogs\u00e5 for denne hjemmeside fra Hudklinikken Randers. Ved Hudklinikken Randers har vi aftale med visse forsikringsselskaber, der udbyder &hellip; <\/p>\n<p class=\"link-more\"><a href=\"https:\/\/hudklinikkenranders.dk\/?page_id=358\" class=\"more-link\">L\u00e6s videre<span class=\"screen-reader-text\"> &#8220;Privat- eller forsikringsbaseret konsultation&#8221;<\/span><\/a><\/p>\n","protected":false},"author":1,"featured_media":0,"parent":0,"menu_order":0,"comment_status":"closed","ping_status":"closed","template":"","meta":{"footnotes":""},"class_list":["post-358","page","type-page","status-publish","hentry"],"_links":{"self":[{"href":"https:\/\/hudklinikkenranders.dk\/index.php?rest_route=\/wp\/v2\/pages\/358","targetHints":{"allow":["GET"]}}],"collection":[{"href":"https:\/\/hudklinikkenranders.dk\/index.php?rest_route=\/wp\/v2\/pages"}],"about":[{"href":"https:\/\/hudklinikkenranders.dk\/index.php?rest_route=\/wp\/v2\/types\/page"}],"author":[{"embeddable":true,"href":"https:\/\/hudklinikkenranders.dk\/index.php?rest_route=\/wp\/v2\/users\/1"}],"replies":[{"embeddable":true,"href":"https:\/\/hudklinikkenranders.dk\/index.php?rest_route=%2Fwp%2Fv2%2Fcomments&post=358"}],"version-history":[{"count":4,"href":"https:\/\/hudklinikkenranders.dk\/index.php?rest_route=\/wp\/v2\/pages\/358\/revisions"}],"predecessor-version":[{"id":368,"href":"https:\/\/hudklinikkenranders.dk\/index.php?rest_route=\/wp\/v2\/pages\/358\/revisions\/368"}],"wp:attachment":[{"href":"https:\/\/hudklinikkenranders.dk\/index.php?rest_route=%2Fwp%2Fv2%2Fmedia&parent=358"}],"curies":[{"name":"wp","href":"https:\/\/api.w.org\/{rel}","templated":true}]}}